{"id":2677,"date":"2025-08-27T12:38:21","date_gmt":"2025-08-27T16:38:21","guid":{"rendered":"https:\/\/www.bates.edu\/chemistry-biochemistry\/?page_id=2677"},"modified":"2025-08-27T12:38:22","modified_gmt":"2025-08-27T16:38:22","slug":"academic-program","status":"publish","type":"page","link":"https:\/\/www.bates.edu\/chemistry-biochemistry\/academic-program\/","title":{"rendered":"Academic Program"},"content":{"rendered":"<div class=\"catalog-block catalog-department-listing\"><h3 class=\"catalog-program-title\">Chemistry and Biochemistry<\/h3><p><em>Professor Schlax; Associate Professors C\u00f4t\u00e9, Koviach-C\u00f4t\u00e9, and Laurita (chair); Assistant Professors Farley, Freas, and Piedmonte; Visiting Assistant Professors Booth and Hart.<\/em><\/p>\n<p><span id=\"docs-internal-guid-af691470-7fff-78e4-eb2b-655c38d5f0cb\">Chemistry is the study of the structure and properties of matter, and the roles of energy and entropy.\u00a0 Together, they define our physical environment and\u00a0 affect nearly every aspect of our lives. A chemistry education begins with a broad exploration of these topics, and then sequentially focuses on narrower aspects to explore the ideas in greater depth.\u00a0 Biochemistry builds on a strong chemistry foundation, and encompasses the study of the form and function of the proteins, lipids, carbohydrates, and nucleic acids found in living organisms.<\/span><\/p>\n<p><span id=\"docs-internal-guid-af691470-7fff-78e4-eb2b-655c38d5f0cb\">The department offers a major in chemistry, a major in biochemistry, and a minor in chemistry. The chemistry and biochemistry curricula are sufficiently flexible to allow students with career interests in areas such as the health professions, research, law, business, and education to design a suitable major program. Students interested in careers in chemistry or biochemistry will find chemistry electives that provide a background for work in graduate school, industry, or other positions requiring a strong foundation in chemistry. The department and its curriculum are approved by the American Chemical Society (ACS), and an ACS-certified major in chemistry is offered.\u00a0<\/span><\/p>\n<p><span id=\"docs-internal-guid-af691470-7fff-78e4-eb2b-655c38d5f0cb\">More information is available on the <\/span><a href=\"https:\/\/www.bates.edu\/chemistry-biochemistry\/\">Chemistry and Biochemistry department website<\/a>.<\/p><section class=\"catalog-section_curriculumtext\"><h5>Curriculum<\/h5><div class=\"sitemap\"><ul><li><a href=\"https:\/\/catalog.bates.edu\/departments-programs\/chemistry-biochemistry\/biochemistry-major\/\">Biochemistry Major<\/a><\/li><li><a href=\"https:\/\/catalog.bates.edu\/departments-programs\/chemistry-biochemistry\/chemistry-major\/\">Chemistry Major<\/a><\/li><li><a href=\"https:\/\/catalog.bates.edu\/departments-programs\/chemistry-biochemistry\/chemistry-minor\/\">Chemistry Minor<\/a><\/li><\/ul><\/div><\/section><section class=\"catalog-section_faculty\"><\/section><div class=\"catalog-department-overview-catalog-link\">\n\t\t <p>Our course catalog may include more information on Chemistry and Biochemistry, its programs, courses, and requirements.<\/p>\n\t\t <a href=\"https:\/\/catalog.bates.edu\/departments-programs\/chemistry-biochemistry\/\">Full Catalog Listing<\/a>\n\t\t<\/div><\/div>","protected":false},"excerpt":{"rendered":"","protected":false},"author":5,"featured_media":0,"parent":0,"menu_order":0,"comment_status":"closed","ping_status":"closed","template":"","meta":{"_hide_ai_chatbot":false,"_ai_chatbot_style":"","associated_faculty":[],"_Page_Specific_Css":"","_bates_restrict_mod":false,"_batesModPostContentOverride_prepend":false,"_batesModPostContentOverride_append":false,"_batesModPostContentOverride_append_before_footer":false,"_table_of_contents_display":false,"_table_of_contents_location":"","_table_of_contents_disableSticky":false,"_is_featured":false,"footnotes":"","_bates_seo_meta_description":"","_bates_seo_block_robots":false,"_bates_seo_sharing_image_id":0,"_bates_seo_sharing_image_twitter_id":0,"_bates_seo_share_title":"","_bates_seo_canonical_overwrite":"","_bates_seo_twitter_template":""},"class_list":["post-2677","page","type-page","status-publish","hentry"],"_links":{"self":[{"href":"https:\/\/www.bates.edu\/chemistry-biochemistry\/wp-json\/wp\/v2\/pages\/2677","targetHints":{"allow":["GET"]}}],"collection":[{"href":"https:\/\/www.bates.edu\/chemistry-biochemistry\/wp-json\/wp\/v2\/pages"}],"about":[{"href":"https:\/\/www.bates.edu\/chemistry-biochemistry\/wp-json\/wp\/v2\/types\/page"}],"author":[{"embeddable":true,"href":"https:\/\/www.bates.edu\/chemistry-biochemistry\/wp-json\/wp\/v2\/users\/5"}],"replies":[{"embeddable":true,"href":"https:\/\/www.bates.edu\/chemistry-biochemistry\/wp-json\/wp\/v2\/comments?post=2677"}],"version-history":[{"count":1,"href":"https:\/\/www.bates.edu\/chemistry-biochemistry\/wp-json\/wp\/v2\/pages\/2677\/revisions"}],"predecessor-version":[{"id":2678,"href":"https:\/\/www.bates.edu\/chemistry-biochemistry\/wp-json\/wp\/v2\/pages\/2677\/revisions\/2678"}],"wp:attachment":[{"href":"https:\/\/www.bates.edu\/chemistry-biochemistry\/wp-json\/wp\/v2\/media?parent=2677"}],"curies":[{"name":"wp","href":"https:\/\/api.w.org\/{rel}","templated":true}]}}