{"id":3291,"date":"2019-03-27T10:45:21","date_gmt":"2019-03-27T14:45:21","guid":{"rendered":"https:\/\/www.bates.edu\/environment\/?page_id=3291"},"modified":"2025-10-29T16:30:14","modified_gmt":"2025-10-29T20:30:14","slug":"past-events","status":"publish","type":"page","link":"https:\/\/www.bates.edu\/environmental-studies\/past-events\/","title":{"rendered":"Past Events"},"content":{"rendered":"<div class=\"bates-events bates-events-past-events bates-events-list bates-events-style-default  \"><div class=\"bates-events-day-wrapper\"><div class=\"event-in-row bates_events-event\">\n\n\t\t\t<div class=\"event-image\"><img decoding=\"async\" src=\"https:\/\/www.bates.edu\/environmental-studies\/files\/2025\/08\/olu-fe-mio-ta-i-wo_orig-1.webp\" ><\/div>\n\n\t\t\t<div class=\"date-header\"><span class=\"_weekday\">Monday<\/span> <span class=\"_month\">Nov<\/span> <span class=\"_day-of-month\">17<\/span> <span class=\"calendar-year\">2025<\/span><\/div>\n\n\t\t\t<div class=\"event-details\">\n\t\t\t\t<h4 class=\"event-title\">\n\t\t\t\t\t<a href=\"https:\/\/www.bates.edu\/environmental-studies\/events\/otis-lecture-2025-olufemi-taiwo-what-is-the-problem-of-freedom\/\">\n\t\t\t\t\t\tOtis Lecture 2025 &#8211; Ol\u00faf\u1eb9\u0301mi T\u00e1\u00edw\u00f2, &#8220;What Is the Problem of Freedom?&#8221;\n\t\t\t\t\t<\/a>\n\t\t\t\t<\/h4>\n\t\t\t\t<div class=\"event-description\">\n\t\t\t\t\t<p class=\"event-times\">7:30 pm<\/p> \n\t\t\t\t\t\n\n\n<p><\/p>\n\n\t\t\t\t<\/div>\n\t\t\t<\/div>\n\t\t<\/div>\n\t\t<\/div><!-- .bates-events-day-wrapper --><div class=\"bates-events-day-wrapper\"><div class=\"event-in-row bates_events-event\">\n\n\t\t\t<div class=\"event-image\"><img decoding=\"async\" src=\"https:\/\/www.bates.edu\/environmental-studies\/files\/2025\/03\/Salvaxe-Salvaxe-promo-900x506.webp\"  alt=\"Salvaxe, salvaxe [Wild, Wild] (2024), by Galician director Emilio Fonseca, is a nature antidocumentary: &hellip;\"><\/div>\n\n\t\t\t<div class=\"date-header\"><span class=\"_weekday\">Thursday<\/span> <span class=\"_month\">Mar<\/span> <span class=\"_day-of-month\">13<\/span> <span class=\"calendar-year\">2025<\/span><\/div>\n\n\t\t\t<div class=\"event-details\">\n\t\t\t\t<h4 class=\"event-title\">\n\t\t\t\t\t<a href=\"https:\/\/www.bates.edu\/environmental-studies\/events\/film-viewing-and-discusion-salvaxe-salvaxe-wild-wild-2024\/\">\n\t\t\t\t\t\tFilm viewing and discusion &#8211; &#8220;Salvaxe, salvaxe&#8221; [Wild, Wild] (2024)\n\t\t\t\t\t<\/a>\n\t\t\t\t<\/h4>\n\t\t\t\t<div class=\"event-description\">\n\t\t\t\t\t<p class=\"event-times\">4:30 pm<\/p> \n\t\t\t\t\tSalvaxe, salvaxe [Wild, Wild] (2024), by Galician director Emilio Fonseca, is a nature antidocumentary:  wolves look back at the camera, terrified, and humans howl.  All of us creatures&hellip;\n\t\t\t\t<\/div>\n\t\t\t<\/div>\n\t\t<\/div>\n\t\t<\/div><!-- .bates-events-day-wrapper --><div class=\"bates-events-day-wrapper\"><div class=\"event-in-row bates_events-event\">\n\n\t\t\t<div class=\"event-image\"><img decoding=\"async\" src=\"https:\/\/www.bates.edu\/environmental-studies\/files\/2024\/09\/savoy_portrait_bw_web.webp\"  alt=\"This year\u2019s lecture, \u201cTrace: Memory, History, Race, and the American Landscape\u201d will be given by&hellip;\"><\/div>\n\n\t\t\t<div class=\"date-header\"><span class=\"_weekday\">Monday<\/span> <span class=\"_month\">Sep<\/span> <span class=\"_day-of-month\">30<\/span> <span class=\"calendar-year\">2024<\/span><\/div>\n\n\t\t\t<div class=\"event-details\">\n\t\t\t\t<h4 class=\"event-title\">\n\t\t\t\t\t<a href=\"https:\/\/www.bates.edu\/environmental-studies\/events\/27th-annual-otis-lecture-lauret-savoy\/\">\n\t\t\t\t\t\t27th Annual Otis Lecture &#8211; Lauret Savoy\n\t\t\t\t\t<\/a>\n\t\t\t\t<\/h4>\n\t\t\t\t<div class=\"event-description\">\n\t\t\t\t\t<p class=\"event-times\">7:00 pm<\/p> \n\t\t\t\t\t\n\n\n<p>This year\u2019s lecture, \u201cTrace: Memory, History, Race, and the American Landscape\u201d will be given by Lauret Savoy, author of\u00a0<em>Trace<\/em>. This lecture is made possible by the\u00a0<a href=\"https:\/\/www.bates.edu\/environment\/the-otis-program\/philip-j-otis\/\" target=\"_blank\" rel=\"noreferrer noopener\">Philip J. Otis \u201995 Endowment<\/a>.<\/p>\n\n\t\t\t\t<\/div>\n\t\t\t<\/div>\n\t\t<\/div>\n\t\t<\/div><!-- .bates-events-day-wrapper --><div class=\"bates-events-day-wrapper\"><div class=\"event-in-row bates_events-event\">\n\n\t\t\t<div class=\"event-image\"><img decoding=\"async\" src=\"https:\/\/www.bates.edu\/environmental-studies\/files\/2024\/03\/Promotional-Materials_Nayra-Sanz-Visit-cropped-1-900x507.webp\" ><\/div>\n\n\t\t\t<div class=\"date-header\"><span class=\"_weekday\">Thursday<\/span> <span class=\"_month\">Mar<\/span> <span class=\"_day-of-month\">28<\/span> <span class=\"calendar-year\">2024<\/span><\/div>\n\n\t\t\t<div class=\"event-details\">\n\t\t\t\t<h4 class=\"event-title\">\n\t\t\t\t\t<a href=\"https:\/\/www.bates.edu\/environmental-studies\/events\/film-viewing-qa-with-spanish-director-nayra-sanz-fuentes\/\">\n\t\t\t\t\t\tFilm viewing &#038; Q&#038;A with Spanish Director Nayra Sanz Fuentes\n\t\t\t\t\t<\/a>\n\t\t\t\t<\/h4>\n\t\t\t\t<div class=\"event-description\">\n\t\t\t\t\t<p class=\"event-times\">4:30 pm<\/p> \n\t\t\t\t\t\n\t\t\t\t<\/div>\n\t\t\t<\/div>\n\t\t<\/div>\n\t\t<\/div><!-- .bates-events-day-wrapper --><div class=\"bates-events-day-wrapper\"><div class=\"event-in-row bates_events-event\">\n\n\t\t\t<div class=\"event-image\"><img decoding=\"async\" src=\"https:\/\/www.bates.edu\/environmental-studies\/files\/2024\/03\/Ranco-Lecture-3.25.24-cropped-for-Bates-Today-835x900.webp\" ><\/div>\n\n\t\t\t<div class=\"date-header\"><span class=\"_weekday\">Monday<\/span> <span class=\"_month\">Mar<\/span> <span class=\"_day-of-month\">25<\/span> <span class=\"calendar-year\">2024<\/span><\/div>\n\n\t\t\t<div class=\"event-details\">\n\t\t\t\t<h4 class=\"event-title\">\n\t\t\t\t\t<a href=\"https:\/\/www.bates.edu\/environmental-studies\/events\/decolonizing-land-relations-in-the-dawnland-landback-and-rematriation-across-wabanakik\/\">\n\t\t\t\t\t\tDecolonizing Land Relations in the Dawnland:\u00a0#Landback\u00a0and Rematriation Across Wabanakik\n\t\t\t\t\t<\/a>\n\t\t\t\t<\/h4>\n\t\t\t\t<div class=\"event-description\">\n\t\t\t\t\t<p class=\"event-times\">4:15 pm<\/p> \n\t\t\t\t\t\n\t\t\t\t<\/div>\n\t\t\t<\/div>\n\t\t<\/div>\n\t\t<\/div><!-- .bates-events-day-wrapper --><div class=\"bates-events-day-wrapper\"><div class=\"event-in-row bates_events-event\">\n\n\t\t\t<div class=\"event-image\"><img decoding=\"async\" src=\"https:\/\/www.bates.edu\/environmental-studies\/files\/2023\/09\/Nancy-Campbell-head-shot.webp\" ><\/div>\n\n\t\t\t<div class=\"date-header\"><span class=\"_weekday\">Monday<\/span> <span class=\"_month\">Oct<\/span> <span class=\"_day-of-month\">23<\/span> <span class=\"calendar-year\">2023<\/span><\/div>\n\n\t\t\t<div class=\"event-details\">\n\t\t\t\t<h4 class=\"event-title\">\n\t\t\t\t\t<a href=\"https:\/\/www.bates.edu\/environmental-studies\/events\/26th-annual-otis-lecture-nancy-campbell\/\">\n\t\t\t\t\t\t26th Annual Otis Lecture &#8211; Nancy Campbell\n\t\t\t\t\t<\/a>\n\t\t\t\t<\/h4>\n\t\t\t\t<div class=\"event-description\">\n\t\t\t\t\t<p class=\"event-times\">7:30 pm<\/p> \n\t\t\t\t\t\n\t\t\t\t<\/div>\n\t\t\t<\/div>\n\t\t<\/div>\n\t\t<\/div><!-- .bates-events-day-wrapper --><div class=\"bates-events-day-wrapper\"><div class=\"event-in-row bates_events-event\">\n\n\t\t\t<div class=\"event-image\"><img decoding=\"async\" src=\"https:\/\/www.bates.edu\/environmental-studies\/files\/2022\/08\/Finney-image-for-Otis-900x600.webp\"  alt=\"The Bates College Philip J. Otis Committee invites you to attend The 25th Annual Otis&hellip;\"><\/div>\n\n\t\t\t<div class=\"date-header\"><span class=\"_weekday\">Wednesday<\/span> <span class=\"_month\">Oct<\/span> <span class=\"_day-of-month\">12<\/span> <span class=\"calendar-year\">2022<\/span><\/div>\n\n\t\t\t<div class=\"event-details\">\n\t\t\t\t<h4 class=\"event-title\">\n\t\t\t\t\t<a href=\"https:\/\/www.bates.edu\/environmental-studies\/events\/carolyn-finney\/\">\n\t\t\t\t\t\t25th Annual Otis Lecture &#8211; Carolyn Finney\n\t\t\t\t\t<\/a>\n\t\t\t\t<\/h4>\n\t\t\t\t<div class=\"event-description\">\n\t\t\t\t\t<p class=\"event-times\">7:30 pm<\/p> \n\t\t\t\t\tThe Bates College Philip J. Otis Committee invites you to attend The 25th Annual Otis Lecture,\u00a0made possible by the\u00a0Philip J. Otis \u201995 EndowmentCarolyn Finney, author of\u00a0Black Faces, White Spaces: Reimagining&hellip;\n\t\t\t\t<\/div>\n\t\t\t<\/div>\n\t\t<\/div>\n\t\t<\/div><!-- .bates-events-day-wrapper --><div class=\"bates-events-day-wrapper\"><div class=\"event-in-row bates_events-event\">\n\n\t\t\t<div class=\"event-image\"><img decoding=\"async\" src=\"https:\/\/www.bates.edu\/environmental-studies\/files\/2020\/02\/LaDuke-600x900.webp\"  alt=\"Winona LaDuke, economist, activist, and author, will deliver a talk titled:\u00a0\u00a0&quot;The 7th Fire and a&hellip;\"><\/div>\n\n\t\t\t<div class=\"date-header\"><span class=\"_weekday\">Monday<\/span> <span class=\"_month\">Oct<\/span> <span class=\"_day-of-month\">25<\/span> <span class=\"calendar-year\">2021<\/span><\/div>\n\n\t\t\t<div class=\"event-details\">\n\t\t\t\t<h4 class=\"event-title\">\n\t\t\t\t\t<a href=\"https:\/\/www.bates.edu\/environmental-studies\/events\/2020-annual-otis-lecture-winona-laduke\/\">\n\t\t\t\t\t\t24th Annual Otis Lecture, Winona LaDuke &#8211; Postponed from 2020.\n\t\t\t\t\t<\/a>\n\t\t\t\t<\/h4>\n\t\t\t\t<div class=\"event-description\">\n\t\t\t\t\t<p class=\"event-times\">7:30 pm<\/p> \n\t\t\t\t\tWinona LaDuke, economist, activist, and author, will deliver a talk titled:\u00a0\u00a0&#8220;The 7th Fire and a Just Transition:\u00a0 Indigenous People and the Next Economy&#8221;\r\n\r\nA book signing will follow the lecture.\r\n\r\nThe event&hellip;\n\t\t\t\t<\/div>\n\t\t\t<\/div>\n\t\t<\/div>\n\t\t<\/div><!-- .bates-events-day-wrapper --><div class=\"bates-events-day-wrapper\"><div class=\"event-in-row bates_events-event\">\n\n\t\t\t<div class=\"event-image\"><img decoding=\"async\" src=\"https:\/\/www.bates.edu\/environmental-studies\/files\/2019\/03\/RossGayDSC_1162-900x599.jpg\" ><\/div>\n\n\t\t\t<div class=\"date-header\"><span class=\"_weekday\">Monday<\/span> <span class=\"_month\">Nov<\/span> <span class=\"_day-of-month\">4<\/span> <span class=\"calendar-year\">2019<\/span><\/div>\n\n\t\t\t<div class=\"event-details\">\n\t\t\t\t<h4 class=\"event-title\">\n\t\t\t\t\t<a href=\"https:\/\/www.bates.edu\/environmental-studies\/events\/2019-otis-lecturer-ross-gay\/\">\n\t\t\t\t\t\t2019 Otis Lecture featuring Ross Gay, \u201cDelight, Gratitude, Joy: Entangle Me\u201d 11\/4\/19\n\t\t\t\t\t<\/a>\n\t\t\t\t<\/h4>\n\t\t\t\t<div class=\"event-description\">\n\t\t\t\t\t<p class=\"event-times\">12:00 am<\/p> \n\t\t\t\t\t\n\t\t\t\t<\/div>\n\t\t\t<\/div>\n\t\t<\/div>\n\t\t<\/div><!-- .bates-events-day-wrapper --><div class=\"bates-events-day-wrapper\"><div class=\"event-in-row bates_events-event\">\n\n\t\t\t<div class=\"event-image\"><img decoding=\"async\" src=\"https:\/\/www.bates.edu\/environmental-studies\/files\/2019\/03\/Yemi-Amu-SCREEN-900x506.jpg\" ><\/div>\n\n\t\t\t<div class=\"date-header\"><span class=\"_weekday\">Monday<\/span> <span class=\"_month\">Apr<\/span> <span class=\"_day-of-month\">1<\/span> <span class=\"calendar-year\">2019<\/span><\/div>\n\n\t\t\t<div class=\"event-details\">\n\t\t\t\t<h4 class=\"event-title\">\n\t\t\t\t\t<a href=\"https:\/\/www.bates.edu\/environmental-studies\/events\/lecture-and-discussion-urban-agriculture-aquaponics-and-the-future-of-food-justice-in-the-city\/\">\n\t\t\t\t\t\t&#8220;Urban Agriculture, Aquaponics, and the Future of Food Justice in the City&#8221; 4\/1\/19\n\t\t\t\t\t<\/a>\n\t\t\t\t<\/h4>\n\t\t\t\t<div class=\"event-description\">\n\t\t\t\t\t<p class=\"event-times\">7:00 pm<\/p> \n\t\t\t\t\t\n\t\t\t\t<\/div>\n\t\t\t<\/div>\n\t\t<\/div>\n\t\t<\/div><!-- .bates-events-day-wrapper --><div class=\"bates-events-day-wrapper\"><div class=\"event-in-row bates_events-event\">\n\n\t\t\t<div class=\"event-image\"><img decoding=\"async\" src=\"https:\/\/www.bates.edu\/environmental-studies\/files\/2012\/12\/DSC_3947-600x398.jpg\"  alt=\"The\u00a0EnviroLunch\u00a0Series\r\n\r\n\r\n12:00 to 1:00 pm\u00a0in Commons room 221\r\nWednesday, March 20\r\n\u00a0 \u00a0 \u00a0 \u00a0\u00a0\u00a0Maggie O&#039;Shea:\u00a0\u00a0Intern, Sierra Club,&hellip;\"><\/div>\n\n\t\t\t<div class=\"date-header\"><span class=\"_weekday\">Wednesday<\/span> <span class=\"_month\">Mar<\/span> <span class=\"_day-of-month\">20<\/span> <span class=\"calendar-year\">2019<\/span><\/div>\n\n\t\t\t<div class=\"event-details\">\n\t\t\t\t<h4 class=\"event-title\">\n\t\t\t\t\t<a href=\"https:\/\/www.bates.edu\/environmental-studies\/events\/vsel\/\">\n\t\t\t\t\t\tEnviroLunch &#8211; Student Stories from the Field\n\t\t\t\t\t<\/a>\n\t\t\t\t<\/h4>\n\t\t\t\t<div class=\"event-description\">\n\t\t\t\t\t<p class=\"event-times\">12:00 pm<\/p> \n\t\t\t\t\tThe\u00a0EnviroLunch\u00a0Series\r\n\r\n\r\n12:00 to 1:00 pm\u00a0in Commons room 221\r\nWednesday, March 20\r\n\u00a0 \u00a0 \u00a0 \u00a0\u00a0\u00a0Maggie O&#8217;Shea:\u00a0\u00a0Intern, Sierra Club, Rocky Mt. Chapter\r\nNell Pearson:\u00a0Historical Horticulture\u00a0Intern, Plimoth Plantation\r\nLars Schuster:\u00a0Intern, Fishpond\r\nElliot Wilson:\u00a0Intern, La Plata Open Space Conservancy\r\n\r\nThe\u00a0EnviroLunch\u00a0Series&hellip;\n\t\t\t\t<\/div>\n\t\t\t<\/div>\n\t\t<\/div>\n\t\t<\/div><!-- .bates-events-day-wrapper --><div class=\"bates-events-day-wrapper\"><div class=\"event-in-row bates_events-event\">\n\n\t\t\t<div class=\"event-image\"><img decoding=\"async\" src=\"https:\/\/www.bates.edu\/environmental-studies\/files\/2019\/03\/Plastic-Purge-Poster-900x506.jpg\" ><\/div>\n\n\t\t\t<div class=\"date-header\"><span class=\"_weekday\">Monday<\/span> <span class=\"_month\">Feb<\/span> <span class=\"_day-of-month\">11<\/span> <span class=\"calendar-year\">2019<\/span><\/div>\n\n\t\t\t<div class=\"event-details\">\n\t\t\t\t<h4 class=\"event-title\">\n\t\t\t\t\t<a href=\"https:\/\/www.bates.edu\/environmental-studies\/events\/lecture-our-plastic-lives-how-did-we-get-here-and-what-can-we-do\/\">\n\t\t\t\t\t\t&#8220;Our Plastic Lives: How Did We Get Here and What Can We Do?&#8221; 2\/11\/19\n\t\t\t\t\t<\/a>\n\t\t\t\t<\/h4>\n\t\t\t\t<div class=\"event-description\">\n\t\t\t\t\t<p class=\"event-times\">12:00 am<\/p> \n\t\t\t\t\t\n\t\t\t\t<\/div>\n\t\t\t<\/div>\n\t\t<\/div>\n\t\t<\/div><!-- .bates-events-day-wrapper --><div class=\"bates-events-day-wrapper\"><div class=\"event-in-row bates_events-event\">\n\n\t\t\t<div class=\"event-image\"><img decoding=\"async\" src=\"https:\/\/www.bates.edu\/environmental-studies\/files\/2020\/10\/Daegan-Miller-Poster-900x506.jpg\"  alt=\"&quot;The Work Of Imagination In the Age of Catastrophe&quot; 1\/30\/19\"><\/div>\n\n\t\t\t<div class=\"date-header\"><span class=\"_weekday\">Wednesday<\/span> <span class=\"_month\">Jan<\/span> <span class=\"_day-of-month\">30<\/span> <span class=\"calendar-year\">2019<\/span><\/div>\n\n\t\t\t<div class=\"event-details\">\n\t\t\t\t<h4 class=\"event-title\">\n\t\t\t\t\t<a href=\"https:\/\/www.bates.edu\/environmental-studies\/events\/daegan-miller\/\">\n\t\t\t\t\t\tDaegan Miller\n\t\t\t\t\t<\/a>\n\t\t\t\t<\/h4>\n\t\t\t\t<div class=\"event-description\">\n\t\t\t\t\t<p class=\"event-times\">12:00 am<\/p> \n\t\t\t\t\t\n<p>&#8220;<strong><em>The Work Of Imagination In the Age of Catastrophe<\/em><\/strong>&#8221; 1\/30\/19<\/p>\n\n\t\t\t\t<\/div>\n\t\t\t<\/div>\n\t\t<\/div>\n\t\t<\/div><!-- .bates-events-day-wrapper --><div class=\"bates-events-day-wrapper\"><div class=\"event-in-row bates_events-event\">\n\n\t\t\t<div class=\"event-image\"><img decoding=\"async\" src=\"https:\/\/www.bates.edu\/environmental-studies\/files\/2019\/03\/Rush_HeadShot1_cred_Stephanie_Alvarez_Ewens-300x300.jpg\"  alt=\"\u201cOn Rising: Exertion, Activism, and Art in the Age of Climate Change\u201d\"><\/div>\n\n\t\t\t<div class=\"date-header\"><span class=\"_weekday\">Saturday<\/span> <span class=\"_month\">Oct<\/span> <span class=\"_day-of-month\">27<\/span> <span class=\"calendar-year\">2018<\/span><\/div>\n\n\t\t\t<div class=\"event-details\">\n\t\t\t\t<h4 class=\"event-title\">\n\t\t\t\t\t<a href=\"https:\/\/www.bates.edu\/environmental-studies\/events\/2018-annual-otis-lecture-elizabeth-rush\/\">\n\t\t\t\t\t\t2018 Annual Otis Lecture, Elizabeth Rush,\n\t\t\t\t\t<\/a>\n\t\t\t\t<\/h4>\n\t\t\t\t<div class=\"event-description\">\n\t\t\t\t\t<p class=\"event-times\">12:00 am<\/p> \n\t\t\t\t\t\n<p>\u201cOn Rising: Exertion, Activism, and Art in the Age of Climate Change\u201d <\/p>\n\n\t\t\t\t<\/div>\n\t\t\t<\/div>\n\t\t<\/div>\n\t\t<\/div><!-- .bates-events-day-wrapper --><div class=\"bates-events-day-wrapper\"><div class=\"event-in-row bates_events-event\">\n\n\t\t\t<div class=\"event-image\"><img decoding=\"async\" src=\"https:\/\/www.bates.edu\/environmental-studies\/files\/2020\/10\/unnamed-3-364x550-1-e1602692559151.jpg\"  alt=\"Ken Ilgunas walked&nbsp;1,700 miles across North America, following the proposed route of the Keystone XL&hellip;\"><\/div>\n\n\t\t\t<div class=\"date-header\"><span class=\"_weekday\">Friday<\/span> <span class=\"_month\">Oct<\/span> <span class=\"_day-of-month\">5<\/span> <span class=\"calendar-year\">2018<\/span><\/div>\n\n\t\t\t<div class=\"event-details\">\n\t\t\t\t<h4 class=\"event-title\">\n\t\t\t\t\t<a href=\"https:\/\/www.bates.edu\/environmental-studies\/events\/trespassing-across-america-lecture-by-ken-ilgunas\/\">\n\t\t\t\t\t\t&#8220;Trespassing Across America,&#8221; Lecture by Ken Ilgunas 10\/5\/18\n\t\t\t\t\t<\/a>\n\t\t\t\t<\/h4>\n\t\t\t\t<div class=\"event-description\">\n\t\t\t\t\t<p class=\"event-times\">12:00 am<\/p> \n\t\t\t\t\tKen Ilgunas walked&nbsp;1,700 miles across North America, following the proposed route of the Keystone XL pipeline, from Hardisty, Alberta, to the Gulf Coast of Texas. On his journey Ken encountered&hellip;\n\t\t\t\t<\/div>\n\t\t\t<\/div>\n\t\t<\/div>\n\t\t<\/div><!-- .bates-events-day-wrapper --><div class=\"bates-events-day-wrapper\"><div class=\"event-in-row bates_events-event\">\n\n\t\t\t<div class=\"event-image\"><img decoding=\"async\" src=\"https:\/\/www.bates.edu\/environmental-studies\/files\/2020\/10\/unnamed.jpg\"  alt=\"&quot;Devils in the Details: The Roles for Scientific Engagement in the Development of California&#039;s Climate&hellip;\"><\/div>\n\n\t\t\t<div class=\"date-header\"><span class=\"_weekday\">Thursday<\/span> <span class=\"_month\">Nov<\/span> <span class=\"_day-of-month\">20<\/span> <span class=\"calendar-year\">2014<\/span><\/div>\n\n\t\t\t<div class=\"event-details\">\n\t\t\t\t<h4 class=\"event-title\">\n\t\t\t\t\t<a href=\"https:\/\/www.bates.edu\/environmental-studies\/events\/aaron-strong\/\">\n\t\t\t\t\t\tAaron Strong\n\t\t\t\t\t<\/a>\n\t\t\t\t<\/h4>\n\t\t\t\t<div class=\"event-description\">\n\t\t\t\t\t<p class=\"event-times\">12:00 am<\/p> \n\t\t\t\t\t\n<p>&#8220;Devils in the Details: The Roles for Scientific Engagement in the Development of California&#8217;s Climate Policy&#8221;<\/p>\n\n\t\t\t\t<\/div>\n\t\t\t<\/div>\n\t\t<\/div>\n\t\t<\/div><!-- .bates-events-day-wrapper --><div class=\"bates-events-day-wrapper\"><div class=\"event-in-row bates_events-event\">\n\n\t\t\t<div class=\"event-image\"><img decoding=\"async\" src=\"https:\/\/www.bates.edu\/environmental-studies\/files\/2023\/02\/pattiann-rogers-web1.webp\"  alt=\"Seventh Annual Otis Lecture - &quot;Life in an Expanding Universe&quot;\"><\/div>\n\n\t\t\t<div class=\"date-header\"><span class=\"_weekday\">Wednesday<\/span> <span class=\"_month\">Oct<\/span> <span class=\"_day-of-month\">22<\/span> <span class=\"calendar-year\">2003<\/span><\/div>\n\n\t\t\t<div class=\"event-details\">\n\t\t\t\t<h4 class=\"event-title\">\n\t\t\t\t\t<a href=\"https:\/\/www.bates.edu\/environmental-studies\/events\/pattiann-rogers\/\">\n\t\t\t\t\t\tPattiann Rogers\n\t\t\t\t\t<\/a>\n\t\t\t\t<\/h4>\n\t\t\t\t<div class=\"event-description\">\n\t\t\t\t\t<p class=\"event-times\">7:00 pm<\/p> \n\t\t\t\t\t\n<p>Seventh Annual Otis Lecture &#8211; &#8220;Life in an Expanding Universe&#8221;<\/p>\n\n\t\t\t\t<\/div>\n\t\t\t<\/div>\n\t\t<\/div>\n\t\t<\/div><!-- .bates-events-day-wrapper --><div class=\"bates-events-day-wrapper\"><div class=\"event-in-row bates_events-event\">\n\n\t\t\t<div class=\"event-image\"><img decoding=\"async\" src=\"https:\/\/www.bates.edu\/environmental-studies\/files\/2023\/02\/nabhan-news.webp\"  alt=\"2001 Annual Phillip J. Otis Lecture\n\n\n\n&quot;Coming Home to Eat&quot;\"><\/div>\n\n\t\t\t<div class=\"date-header\"><span class=\"_weekday\">Thursday<\/span> <span class=\"_month\">Oct<\/span> <span class=\"_day-of-month\">11<\/span> <span class=\"calendar-year\">2001<\/span><\/div>\n\n\t\t\t<div class=\"event-details\">\n\t\t\t\t<h4 class=\"event-title\">\n\t\t\t\t\t<a href=\"https:\/\/www.bates.edu\/environmental-studies\/events\/gary-paul-nabhan\/\">\n\t\t\t\t\t\tGary Paul Nabhan\n\t\t\t\t\t<\/a>\n\t\t\t\t<\/h4>\n\t\t\t\t<div class=\"event-description\">\n\t\t\t\t\t<p class=\"event-times\">7:00 pm<\/p> \n\t\t\t\t\t\n<p>2001 Annual Phillip J. Otis Lecture<\/p>\n\n\n\n<p>&#8220;Coming Home to Eat&#8221;<\/p>\n\n\t\t\t\t<\/div>\n\t\t\t<\/div>\n\t\t<\/div>\n\t\t<\/div><!-- .bates-events-day-wrapper --><\/div>","protected":false},"excerpt":{"rendered":"","protected":false},"author":29,"featured_media":0,"parent":0,"menu_order":0,"comment_status":"closed","ping_status":"closed","template":"","meta":{"_hide_ai_chatbot":false,"_ai_chatbot_style":"","associated_faculty":[],"_Page_Specific_Css":"","_bates_restrict_mod":false,"_batesModPostContentOverride_prepend":false,"_batesModPostContentOverride_append":false,"_batesModPostContentOverride_append_before_footer":false,"_table_of_contents_display":false,"_table_of_contents_location":"","_table_of_contents_disableSticky":false,"_is_featured":false,"footnotes":"","_bates_seo_meta_description":"","_bates_seo_block_robots":false,"_bates_seo_sharing_image_id":0,"_bates_seo_sharing_image_twitter_id":0,"_bates_seo_share_title":"","_bates_seo_canonical_overwrite":"","_bates_seo_twitter_template":""},"class_list":["post-3291","page","type-page","status-publish","hentry"],"_links":{"self":[{"href":"https:\/\/www.bates.edu\/environmental-studies\/wp-json\/wp\/v2\/pages\/3291","targetHints":{"allow":["GET"]}}],"collection":[{"href":"https:\/\/www.bates.edu\/environmental-studies\/wp-json\/wp\/v2\/pages"}],"about":[{"href":"https:\/\/www.bates.edu\/environmental-studies\/wp-json\/wp\/v2\/types\/page"}],"author":[{"embeddable":true,"href":"https:\/\/www.bates.edu\/environmental-studies\/wp-json\/wp\/v2\/users\/29"}],"replies":[{"embeddable":true,"href":"https:\/\/www.bates.edu\/environmental-studies\/wp-json\/wp\/v2\/comments?post=3291"}],"version-history":[{"count":2,"href":"https:\/\/www.bates.edu\/environmental-studies\/wp-json\/wp\/v2\/pages\/3291\/revisions"}],"predecessor-version":[{"id":4372,"href":"https:\/\/www.bates.edu\/environmental-studies\/wp-json\/wp\/v2\/pages\/3291\/revisions\/4372"}],"wp:attachment":[{"href":"https:\/\/www.bates.edu\/environmental-studies\/wp-json\/wp\/v2\/media?parent=3291"}],"curies":[{"name":"wp","href":"https:\/\/api.w.org\/{rel}","templated":true}]}}