{"id":1301,"date":"2019-01-15T10:20:40","date_gmt":"2019-01-15T15:20:40","guid":{"rendered":"https:\/\/www.bates.edu\/german-russian\/?page_id=1301"},"modified":"2025-06-05T10:59:15","modified_gmt":"2025-06-05T14:59:15","slug":"in-memoriam-craig-decker","status":"publish","type":"page","link":"https:\/\/www.bates.edu\/german-russian-studies\/in-memoriam-craig-decker\/","title":{"rendered":"In memoriam Craig Decker"},"content":{"rendered":"<h2>Memorial tribute for Professor of German Craig Decker (1956-2018)<\/h2>\n<p>&nbsp;<\/p>\n<p>In a March\u00a01938 letter to a fellow dramatist, Austro-Hungarian novelist and playwright \u00d6d\u00f6n von Horv\u00e1th wrote:<\/p>\n<blockquote><p>\u201cIt does not matter whether we see the victory of our work or even its acknowledgment \u2013 as long as our work stays devoted to truth and justice.\u201d<\/p><\/blockquote>\n<p>Forty years later, those lines were used by a young student scholar as the epigraph of his 1978 Bates Honors Thesis, \u201cThe Emergence and Overcoming of Egoism in the Works of \u00d6d\u00f6n von Horv\u00e1th.\u201d<\/p>\n<p>That young student-scholar earned Highest Honors for the thesis, and would, over the next four decades, author 10 scholarly reviews, 5 reference entries, translate 7 short stories and 4 books, contribute chapters to 5 more scholarly editions, write 9 peer-reviewed articles, edit 3 books, and for three assiduous years serve as the editor of the peer-reviewed journal, <em>Modern Austrian Literature<\/em>. That student was our colleague and friend, Craig Decker.<\/p>\n<div id=\"attachment_1303\" style=\"width: 224px\" class=\"wp-caption alignright\"><a href=\"https:\/\/www.bates.edu\/german-russian-studies\/files\/2019\/01\/Richter-P8260011.jpg\"><img loading=\"lazy\" decoding=\"async\" aria-describedby=\"caption-attachment-1303\" class=\"size-medium wp-image-1303\" src=\"https:\/\/www.bates.edu\/german-russian-studies\/files\/2019\/01\/Richter-P8260011-214x300.jpg\" alt=\"\" width=\"214\" height=\"300\" srcset=\"https:\/\/www.bates.edu\/german-russian-studies\/files\/2019\/01\/Richter-P8260011-214x300.jpg 214w, https:\/\/www.bates.edu\/german-russian-studies\/files\/2019\/01\/Richter-P8260011-768x1076.jpg 768w, https:\/\/www.bates.edu\/german-russian-studies\/files\/2019\/01\/Richter-P8260011-642x900.jpg 642w, https:\/\/www.bates.edu\/german-russian-studies\/files\/2019\/01\/Richter-P8260011-143x200.jpg 143w, https:\/\/www.bates.edu\/german-russian-studies\/files\/2019\/01\/Richter-P8260011.jpg 1344w\" sizes=\"(max-width: 214px) 100vw, 214px\" \/><\/a><p id=\"caption-attachment-1303\" class=\"wp-caption-text\">Prof. Decker in Vienna. Photo: Jim Richter.<\/p><\/div>\n<p>At Bates, Craig studied German and Spanish, read widely, enjoyed informal political discussions, and played kazoo in the Bates marching band. He traveled on a Bates sponsored short term program to Cuernavaca, Mexico, spent a summer at the Goethe Institute in Murnau and spent his junior year in Munich. After graduating summa cum laude with highest honors in German, and receiving the Rodney F. Johonnot and Gilbert-Townsend Graduate Fellowships, Craig headed west to the University of California, Irvine to continue his studies. There, he earned his Ph.D. in German Literature in 1986 with a dissertation on the Austrian popular drama, the Volksst\u00fcck.<\/p>\n<p>As an ABD, Craig taught one year at Oregon State University, before returning to Bates in 1984 with his wife Susanne Fetherolf, Bates class of \u201977. In the process of completing his Ph.D. and earning tenure in 1992, he and Susanne also welcomed into the family their two children, Andrew and Grace, whose wellbeing became one of the focal points of his life.<\/p>\n<p>In his 34 years at Bates, Craig received 16 grants and awards, including a Phillips Faculty Fellowship in 2012, and served many terms in various department and program chair positions. He taught German courses at all levels and designed and taught on topics ranging from the history and theory of popular drama to courses on living with the Nazi legacy and Austrian fascism.<\/p>\n<div id=\"attachment_1302\" style=\"width: 410px\" class=\"wp-caption alignleft\"><a href=\"https:\/\/www.bates.edu\/german-russian-studies\/files\/2019\/01\/decker-germany-1992.jpg\"><img loading=\"lazy\" decoding=\"async\" aria-describedby=\"caption-attachment-1302\" class=\"wp-image-1302 size-medium\" src=\"https:\/\/www.bates.edu\/german-russian-studies\/files\/2019\/01\/decker-germany-1992-400x267.jpg\" alt=\"\" width=\"400\" height=\"267\" srcset=\"https:\/\/www.bates.edu\/german-russian-studies\/files\/2019\/01\/decker-germany-1992-400x267.jpg 400w, https:\/\/www.bates.edu\/german-russian-studies\/files\/2019\/01\/decker-germany-1992-768x512.jpg 768w, https:\/\/www.bates.edu\/german-russian-studies\/files\/2019\/01\/decker-germany-1992-900x600.jpg 900w, https:\/\/www.bates.edu\/german-russian-studies\/files\/2019\/01\/decker-germany-1992-200x133.jpg 200w, https:\/\/www.bates.edu\/german-russian-studies\/files\/2019\/01\/decker-germany-1992.jpg 1919w\" sizes=\"(max-width: 400px) 100vw, 400px\" \/><\/a><p id=\"caption-attachment-1302\" class=\"wp-caption-text\">Prof. Decker with his Fall Semester Abroad students on the trip to Erfurt on October 12, 1992. Photo: Craig Decker&#8217;s archive.<\/p><\/div>\n<p>As an undergraduate and later as a graduate student, Craig developed an appreciation for study abroad. This passion continued after his return to Bates, where he organized and directed numerous short term and fall semester programs to Austria and Germany. His Fall Semester Abroad programs to Vienna set standards for integrating language, literature, culture, history, and politics. Those trips offered students memorable experiences including face-to-face meetings with contemporary literary figures, trips to Vienna\u2019s cultural landmarks, and a rare visit to proceedings at the War Crimes Chamber of the Court of Bosnia-Hercegovina.<\/p>\n<p>He served many years on the Off-Campus Study Committee, but his commitment to study abroad was part of a much broader, career-long educational philosophy. Whether it involved bringing Maine high school students to Bates for an annual German day, or his 30 years of service to the Junior Year in Munich Program, Craig encouraged contact with German-speaking communities near and far, and was himself a passionate traveler and conversationalist who loved reconnecting with old friends, making new ones, and could pass hours in discussions on art, literature, politics, and sports. The relevance of such contact is realized throughout Craig\u2019s scholarship: from a chapter on teaching advanced German and Austrian Culture in the <em>AP German Language Teacher\u2019s Guide<\/em> to research on contemporary Austrian writers. A decades-long working relationship with Viennese novelist Peter Henisch resulted in numerous scholarly papers and translations of Henisch\u2019s <em>Stone\u2019s Paranoia<\/em> and <em>A Very Little Woman<\/em>, the latter a novel in which Craig himself appears as a minor character. As part of his Phillips Fellowship, Craig prepared meticulously for a translation of award-winning, Russian-born author Vladimir Vertlib\u2019s novel <em>Way Stations<\/em> by retracing the author\u2019s European migrations from St Petersburg, Russia to Vienna. At the time of his death, Craig was translating Austrian writer, Robert Menasse\u2019s <em>The Capital<\/em>, winner of the 2017 German Book Prize.<\/p>\n<div id=\"attachment_1410\" style=\"width: 410px\" class=\"wp-caption alignright\"><a href=\"https:\/\/www.bates.edu\/german-russian-studies\/files\/2019\/01\/craig1.jpeg\"><img loading=\"lazy\" decoding=\"async\" aria-describedby=\"caption-attachment-1410\" class=\"size-medium wp-image-1410\" src=\"https:\/\/www.bates.edu\/german-russian-studies\/files\/2019\/01\/craig1-400x298.jpeg\" alt=\"\" width=\"400\" height=\"298\" srcset=\"https:\/\/www.bates.edu\/german-russian-studies\/files\/2019\/01\/craig1-400x298.jpeg 400w, https:\/\/www.bates.edu\/german-russian-studies\/files\/2019\/01\/craig1-768x573.jpeg 768w, https:\/\/www.bates.edu\/german-russian-studies\/files\/2019\/01\/craig1.jpeg 900w, https:\/\/www.bates.edu\/german-russian-studies\/files\/2019\/01\/craig1-200x149.jpeg 200w\" sizes=\"(max-width: 400px) 100vw, 400px\" \/><\/a><p id=\"caption-attachment-1410\" class=\"wp-caption-text\">Craig on the trip to Belgrade during<br \/>the FSA Vienna in 2010. Photo: Dennis Browne.<\/p><\/div>\n<p>Entrusting their works to his talent as a translator is a clear indication of the respect these contemporary authors had for Craig, an attitude shared by his peers in German Studies and our students as well. In Craig, students found a careful, attentive reader who encouraged and mentored them through the difficult process of writing in a second language:<\/p>\n<blockquote><p>\u201cI knew my paper would require some revision\u2026 I did not anticipate the three or four rounds of editing that would follow,\u201c wrote a student, recalling her first paper in German, \u201c\u2026it was through this process that I first saw Craig\u2019s incredible ability to push and guide his students as far as they wanted to go in their studies.\u201d<\/p><\/blockquote>\n<p>Students we heard from reminisced fondly about Craig\u2019s quirky habits in the classroom, such as the Falco songs he played on Friday afternoons, or his signature \u2018Hallo Leute\u2019 greeting. Yet more often than not, they remembered his dedication to their wellbeing. Whether it was his first semester at Bates inviting students whom he had just met to join him and Susanne for dinner, or decades later making sure a former student\u2019s birthday would be celebrated even in Vienna, Craig was always mindful of the importance of personal connections.<\/p>\n<blockquote><p>\u201cI was really grateful when Craig invited me over for dinner while Susanne and Grace were visiting from home. Little did I realize, he had also planned a birthday celebration for me, complete with cake and a few thoughtful and silly Empress Elizabeth trinkets that were reminiscent of my thesis.\u201d<\/p><\/blockquote>\n<p>International students (who often take German) always felt a little closer to home when they stopped by to discuss courses or the challenges of college life in an unfamiliar environment far from home. One international student credits Craig with helping her through difficult times and encouraging her to stay and complete her degree at Bates. Years later, when her family learned that Craig would be visiting their home town as part of a study abroad program, the entire group was treated to an elaborate sitdown dinner at which the family expressed their appreciation for his steadfast support.<\/p>\n<p>Throughout his years at Bates College, Craig remained true to his undergraduate motto. He never sought either \u201cthe victory of (his) work or even its acknowledgment.\u201d He stolidly defended what he thought was true and just, and that is how he will be remembered by his friends, colleagues, and students.<\/p>\n<p>&nbsp;<\/p>\n<blockquote class=\"wp-embedded-content\" data-secret=\"NI86tWDgMg\"><p><a href=\"https:\/\/www.bates.edu\/news\/2018\/03\/23\/professor-of-german-craig-decker-78-an-irascible-teacher-and-scholar-with-deep-depth-and-curiosity-dies-at-age-61\/\">Professor of German Craig Decker &#8217;78, an &#8216;irascible and quick-witted&#8217; teacher and scholar with &#8216;great depth and curiosity,&#8217; dies at age 61<\/a><\/p><\/blockquote>\n<p><iframe loading=\"lazy\" class=\"wp-embedded-content\" sandbox=\"allow-scripts\" security=\"restricted\" style=\"position: absolute; clip: rect(1px, 1px, 1px, 1px);\" title=\"&#8220;Professor of German Craig Decker &#8217;78, an &#8216;irascible and quick-witted&#8217; teacher and scholar with &#8216;great depth and curiosity,&#8217; dies at age 61&#8221; &#8212; News\" src=\"https:\/\/www.bates.edu\/news\/2018\/03\/23\/professor-of-german-craig-decker-78-an-irascible-teacher-and-scholar-with-deep-depth-and-curiosity-dies-at-age-61\/embed\/#?secret=Y9gXVR18lo#?secret=NI86tWDgMg\" data-secret=\"NI86tWDgMg\" width=\"500\" height=\"282\" frameborder=\"0\" marginwidth=\"0\" marginheight=\"0\" scrolling=\"no\"><\/iframe><\/p>\n","protected":false},"excerpt":{"rendered":"<p>Memorial tribute for Professor of German Craig Decker (1956-2018) &nbsp; In a&hellip;<\/p>\n","protected":false},"author":331,"featured_media":0,"parent":0,"menu_order":0,"comment_status":"closed","ping_status":"closed","template":"","meta":{"_hide_ai_chatbot":false,"_ai_chatbot_style":"","associated_faculty":[],"_Page_Specific_Css":"","_bates_restrict_mod":false,"_batesModPostContentOverride_prepend":false,"_batesModPostContentOverride_append":false,"_batesModPostContentOverride_append_before_footer":false,"_table_of_contents_display":false,"_table_of_contents_location":"","_table_of_contents_disableSticky":false,"_is_featured":false,"footnotes":"","_bates_seo_meta_description":"","_bates_seo_block_robots":false,"_bates_seo_sharing_image_id":0,"_bates_seo_sharing_image_twitter_id":0,"_bates_seo_share_title":"","_bates_seo_canonical_overwrite":"","_bates_seo_twitter_template":""},"class_list":["post-1301","page","type-page","status-publish","hentry"],"_links":{"self":[{"href":"https:\/\/www.bates.edu\/german-russian-studies\/wp-json\/wp\/v2\/pages\/1301","targetHints":{"allow":["GET"]}}],"collection":[{"href":"https:\/\/www.bates.edu\/german-russian-studies\/wp-json\/wp\/v2\/pages"}],"about":[{"href":"https:\/\/www.bates.edu\/german-russian-studies\/wp-json\/wp\/v2\/types\/page"}],"author":[{"embeddable":true,"href":"https:\/\/www.bates.edu\/german-russian-studies\/wp-json\/wp\/v2\/users\/331"}],"replies":[{"embeddable":true,"href":"https:\/\/www.bates.edu\/german-russian-studies\/wp-json\/wp\/v2\/comments?post=1301"}],"version-history":[{"count":4,"href":"https:\/\/www.bates.edu\/german-russian-studies\/wp-json\/wp\/v2\/pages\/1301\/revisions"}],"predecessor-version":[{"id":2333,"href":"https:\/\/www.bates.edu\/german-russian-studies\/wp-json\/wp\/v2\/pages\/1301\/revisions\/2333"}],"wp:attachment":[{"href":"https:\/\/www.bates.edu\/german-russian-studies\/wp-json\/wp\/v2\/media?parent=1301"}],"curies":[{"name":"wp","href":"https:\/\/api.w.org\/{rel}","templated":true}]}}