{"id":18523,"date":"2023-05-19T13:14:10","date_gmt":"2023-05-19T17:14:10","guid":{"rendered":"https:\/\/www.bates.edu\/museum\/?page_id=18523"},"modified":"2023-06-06T11:47:15","modified_gmt":"2023-06-06T15:47:15","slug":"eugene-deveria-biography","status":"publish","type":"page","link":"https:\/\/www.bates.edu\/museum\/exhibitions\/eugene-deveria-biography\/","title":{"rendered":"Eug\u00e8ne Dev\u00e9ria Biography"},"content":{"rendered":"\n<h2 class=\"wp-block-heading has-black-color has-text-color\">Eug\u00e8ne Fran\u00e7ois Marie Joseph Dev\u00e9ria (French, 1805-1865)<\/h2>\n\n\n\n<p>Dev\u00e9ria was born to an aristocratic family in Paris. He submitted his first works to the Paris Salon in 1824 and experienced success with his portrait La Naissance de Henri IV. Dev\u00e9ria\u2019s unfinished sketch Self Portrait with His Family is characterized by a sense of movement and narrative. In the background, a young boy reaches upwards to remove a bust from an upper shelf, while the artist paints and a girl in the foreground writes on the floor, showing the artist\u2019s lively domestic life.<\/p>\n\n\n\n<p>Though Dev\u00e9ria saw early success, his later submissions to the Paris salon would not reach the same acclaim. To make money, he painted wealthy patrons\u2019 portraits. After converting to Protestantism, Dev\u00e9ria was shunned by his family and patrons in Paris and moved to the small village of Pau where he gave drawing lessons and painted visitors.<\/p>\n\n\n\n<figure class=\"wp-block-gallery has-nested-images columns-default is-cropped wp-block-gallery-1 is-layout-flex wp-block-gallery-is-layout-flex\">\n<figure class=\"wp-block-image size-large\"><a href=\"https:\/\/www.bates.edu\/museum\/files\/2023\/05\/1991.30.8.webp\"><img loading=\"lazy\" decoding=\"async\" width=\"674\" height=\"900\" data-id=\"18524\" src=\"https:\/\/www.bates.edu\/museum\/files\/2023\/05\/1991.30.8-674x900.webp\" alt=\"\" class=\"wp-image-18524\" srcset=\"https:\/\/www.bates.edu\/museum\/files\/2023\/05\/1991.30.8-674x900.webp 674w, https:\/\/www.bates.edu\/museum\/files\/2023\/05\/1991.30.8-225x300.webp 225w, https:\/\/www.bates.edu\/museum\/files\/2023\/05\/1991.30.8-768x1025.webp 768w, https:\/\/www.bates.edu\/museum\/files\/2023\/05\/1991.30.8-1151x1536.webp 1151w, https:\/\/www.bates.edu\/museum\/files\/2023\/05\/1991.30.8-471x628.jpg 471w, https:\/\/www.bates.edu\/museum\/files\/2023\/05\/1991.30.8.webp 1438w\" sizes=\"(max-width: 674px) 100vw, 674px\" \/><\/a><figcaption class=\"wp-element-caption\">Eug\u00e8ne Fran\u00e7ois Marie Joseph Dev\u00e9ria, <em>Self Portrait with His Family<\/em>, ca. 1840, graphite on paper mounted to open backing, 7 1\/2 x 5 1\/2 in., Bates College Museum of Art, gift of Robert Flynn Johnson, 1991.30.8<\/figcaption><\/figure>\n\n\n\n<figure class=\"wp-block-image size-large\"><img loading=\"lazy\" decoding=\"async\" width=\"10\" height=\"10\" data-id=\"14895\" src=\"https:\/\/www.bates.edu\/museum\/files\/2021\/01\/blank-image-2.png\" alt=\"\" class=\"wp-image-14895\"\/><\/figure>\n\n\n\n<figure class=\"wp-block-image size-large\"><img loading=\"lazy\" decoding=\"async\" width=\"10\" height=\"10\" data-id=\"14895\" src=\"https:\/\/www.bates.edu\/museum\/files\/2021\/01\/blank-image-2.png\" alt=\"\" class=\"wp-image-14895\"\/><\/figure>\n<\/figure>\n","protected":false},"excerpt":{"rendered":"<p>Eug\u00e8ne Fran\u00e7ois Marie Joseph Dev\u00e9ria (French, 1805-1865) Dev\u00e9ria was born to an&hellip;<\/p>\n","protected":false},"author":1626,"featured_media":0,"parent":1152,"menu_order":0,"comment_status":"closed","ping_status":"closed","template":"","meta":{"_hide_ai_chatbot":false,"_ai_chatbot_style":"","associated_faculty":[],"_Page_Specific_Css":"","_bates_restrict_mod":false,"_dimp_site_id":"","_dimp_override_contact":false,"_table_of_contents_display":false,"_table_of_contents_location":"","_table_of_contents_disableSticky":false,"_is_featured":false,"footnotes":"","_bates_seo_meta_description":"","_bates_seo_block_robots":false,"_bates_seo_sharing_image_id":0,"_bates_seo_sharing_image_twitter_id":0,"_bates_seo_share_title":"","_bates_seo_canonical_overwrite":"","_bates_seo_twitter_template":"","_links_to":"","_links_to_target":""},"class_list":["post-18523","page","type-page","status-publish","hentry"],"_links":{"self":[{"href":"https:\/\/www.bates.edu\/museum\/wp-json\/wp\/v2\/pages\/18523","targetHints":{"allow":["GET"]}}],"collection":[{"href":"https:\/\/www.bates.edu\/museum\/wp-json\/wp\/v2\/pages"}],"about":[{"href":"https:\/\/www.bates.edu\/museum\/wp-json\/wp\/v2\/types\/page"}],"author":[{"embeddable":true,"href":"https:\/\/www.bates.edu\/museum\/wp-json\/wp\/v2\/users\/1626"}],"replies":[{"embeddable":true,"href":"https:\/\/www.bates.edu\/museum\/wp-json\/wp\/v2\/comments?post=18523"}],"version-history":[{"count":4,"href":"https:\/\/www.bates.edu\/museum\/wp-json\/wp\/v2\/pages\/18523\/revisions"}],"predecessor-version":[{"id":19184,"href":"https:\/\/www.bates.edu\/museum\/wp-json\/wp\/v2\/pages\/18523\/revisions\/19184"}],"up":[{"embeddable":true,"href":"https:\/\/www.bates.edu\/museum\/wp-json\/wp\/v2\/pages\/1152"}],"wp:attachment":[{"href":"https:\/\/www.bates.edu\/museum\/wp-json\/wp\/v2\/media?parent=18523"}],"curies":[{"name":"wp","href":"https:\/\/api.w.org\/{rel}","templated":true}]}}