{"id":18797,"date":"2023-05-22T11:38:32","date_gmt":"2023-05-22T15:38:32","guid":{"rendered":"https:\/\/www.bates.edu\/museum\/?page_id=18797"},"modified":"2023-06-06T14:16:23","modified_gmt":"2023-06-06T18:16:23","slug":"john-marin-biography","status":"publish","type":"page","link":"https:\/\/www.bates.edu\/museum\/exhibitions\/john-marin-biography\/","title":{"rendered":"John Marin Biography"},"content":{"rendered":"\n<h2 class=\"wp-block-heading has-black-color has-text-color\">John Marin (American, 1870-1953)<\/h2>\n\n\n\n<p>Marin worked as a professional architect before studying at the Pennsylvania Academy of the Fine Arts in Philadelphia, the Art Students League in New York, and the Acad\u00e9mie Julian in Paris. He toured Europe and became interested in Paul C\u00e9zanne, James McNeill Whistler, Fauvism, and Cubism. Marin exhibited at the Salon des Ind\u00e9pendants and the Salon d&#8217;Automne, where, in 1909, Edward Steichen was impressed by his watercolors and introduced him to photographer Alfred Stieglitz. Stieglitz gave Marin his first major exhibition at his influential The Little Galleries of the Photo-Secession. The well-connected photographer became Marin\u2019s close friend and exhibited him more than any other artist except his wife Georgia O\u2019Keeffe.<\/p>\n\n\n\n<p>Marin adopted the styles of European Modernism that had impressed him, but translated this to specifically American scenes of Maine, New York, and sites in New England and New Mexico. The artist drew imagery from nature, conveying its spirit rather than its exact likeness. While remaining uncomfortable with total abstraction, his energetic, gestural quality would influence Abstract Expressionism, the major American movement after WWII.<\/p>\n\n\n\n<figure class=\"wp-block-gallery has-nested-images columns-default is-cropped wp-block-gallery-1 is-layout-flex wp-block-gallery-is-layout-flex\">\n<figure class=\"wp-block-image size-large\"><img loading=\"lazy\" decoding=\"async\" width=\"900\" height=\"712\" data-id=\"17645\" src=\"https:\/\/www.bates.edu\/museum\/files\/2023\/03\/1986.12.27-900x712.webp\" alt=\"\" class=\"wp-image-17645\" srcset=\"https:\/\/www.bates.edu\/museum\/files\/2023\/03\/1986.12.27-900x712.webp 900w, https:\/\/www.bates.edu\/museum\/files\/2023\/03\/1986.12.27-379x300.webp 379w, https:\/\/www.bates.edu\/museum\/files\/2023\/03\/1986.12.27-768x608.webp 768w, https:\/\/www.bates.edu\/museum\/files\/2023\/03\/1986.12.27-1536x1216.webp 1536w, https:\/\/www.bates.edu\/museum\/files\/2023\/03\/1986.12.27-793x628.jpg 793w, https:\/\/www.bates.edu\/museum\/files\/2023\/03\/1986.12.27.webp 1919w\" sizes=\"(max-width: 900px) 100vw, 900px\" \/><figcaption class=\"wp-element-caption\">Arthur Rothstein, <em>John Marin in his Studio, Hoboken<\/em>, New Jersey, 1949, photograph, 10 3\/4 x 13 3\/4 in., Gift of Frederick M. Myers \u201886, 1986.12.27<\/figcaption><\/figure>\n\n\n\n<figure class=\"wp-block-image size-large\"><img loading=\"lazy\" decoding=\"async\" width=\"10\" height=\"10\" data-id=\"14895\" src=\"https:\/\/www.bates.edu\/museum\/files\/2021\/01\/blank-image-2.png\" alt=\"\" class=\"wp-image-14895\"\/><\/figure>\n\n\n\n<figure class=\"wp-block-image size-large\"><img loading=\"lazy\" decoding=\"async\" width=\"10\" height=\"10\" data-id=\"14895\" src=\"https:\/\/www.bates.edu\/museum\/files\/2021\/01\/blank-image-2.png\" alt=\"\" class=\"wp-image-14895\"\/><\/figure>\n<\/figure>\n","protected":false},"excerpt":{"rendered":"<p>John Marin (American, 1870-1953) Marin worked as a professional architect before studying&hellip;<\/p>\n","protected":false},"author":1626,"featured_media":0,"parent":1152,"menu_order":0,"comment_status":"closed","ping_status":"closed","template":"","meta":{"_hide_ai_chatbot":false,"_ai_chatbot_style":"","associated_faculty":[],"_Page_Specific_Css":"","_bates_restrict_mod":false,"_dimp_site_id":"","_dimp_override_contact":false,"_table_of_contents_display":false,"_table_of_contents_location":"","_table_of_contents_disableSticky":false,"_is_featured":false,"footnotes":"","_bates_seo_meta_description":"","_bates_seo_block_robots":false,"_bates_seo_sharing_image_id":0,"_bates_seo_sharing_image_twitter_id":0,"_bates_seo_share_title":"","_bates_seo_canonical_overwrite":"","_bates_seo_twitter_template":"","_links_to":"","_links_to_target":""},"class_list":["post-18797","page","type-page","status-publish","hentry"],"_links":{"self":[{"href":"https:\/\/www.bates.edu\/museum\/wp-json\/wp\/v2\/pages\/18797","targetHints":{"allow":["GET"]}}],"collection":[{"href":"https:\/\/www.bates.edu\/museum\/wp-json\/wp\/v2\/pages"}],"about":[{"href":"https:\/\/www.bates.edu\/museum\/wp-json\/wp\/v2\/types\/page"}],"author":[{"embeddable":true,"href":"https:\/\/www.bates.edu\/museum\/wp-json\/wp\/v2\/users\/1626"}],"replies":[{"embeddable":true,"href":"https:\/\/www.bates.edu\/museum\/wp-json\/wp\/v2\/comments?post=18797"}],"version-history":[{"count":2,"href":"https:\/\/www.bates.edu\/museum\/wp-json\/wp\/v2\/pages\/18797\/revisions"}],"predecessor-version":[{"id":19289,"href":"https:\/\/www.bates.edu\/museum\/wp-json\/wp\/v2\/pages\/18797\/revisions\/19289"}],"up":[{"embeddable":true,"href":"https:\/\/www.bates.edu\/museum\/wp-json\/wp\/v2\/pages\/1152"}],"wp:attachment":[{"href":"https:\/\/www.bates.edu\/museum\/wp-json\/wp\/v2\/media?parent=18797"}],"curies":[{"name":"wp","href":"https:\/\/api.w.org\/{rel}","templated":true}]}}