{"id":19040,"date":"2023-05-31T14:10:48","date_gmt":"2023-05-31T18:10:48","guid":{"rendered":"https:\/\/www.bates.edu\/museum\/?page_id=19040"},"modified":"2023-06-06T13:51:51","modified_gmt":"2023-06-06T17:51:51","slug":"katsukawa-shunsho-biography","status":"publish","type":"page","link":"https:\/\/www.bates.edu\/museum\/exhibitions\/katsukawa-shunsho-biography\/","title":{"rendered":"Katsukawa Shunsh\u014d Biography"},"content":{"rendered":"\n<h2 class=\"wp-block-heading has-black-color has-text-color\">Katsukawa Shunsh\u014d (Japanese 1726-1792)<\/h2>\n\n\n\n<p>As the leading artist of the Katsukawa school of ukiyo-e printmaking during his lifetime, Katsumiyagawa Y\u016bsuke adopted the name of the studio as his surname to become Katsukawa Shunsh\u014d. While it was only one of the art-names (or <em>g\u014d) <\/em>that he took in his lifetime, it is the one by which he is best known today. Shunsh\u014d covered a wide variety of subjects in his paintings and prints, but became most famous for pioneering <em>yakusha-e<\/em> (or \u201cactor prints\u201d), which depicted kabuki actors in costume or mid-performance. While we don\u2019t possess any of his actor portraits in our collection, we have some done by later artists who show the evolution of the style (see <a href=\"https:\/\/www.bates.edu\/museum\/exhibitions\/the-utagawa-school-history\/\" target=\"_blank\" rel=\"noreferrer noopener\">The Utagawa School<\/a>).<\/p>\n\n\n\n<figure class=\"wp-block-gallery has-nested-images columns-default is-cropped wp-block-gallery-1 is-layout-flex wp-block-gallery-is-layout-flex\">\n<figure class=\"wp-block-image size-large\"><a href=\"https:\/\/www.bates.edu\/museum\/files\/2023\/05\/2006.2.12.webp\"><img loading=\"lazy\" decoding=\"async\" width=\"623\" height=\"900\" data-id=\"19035\" src=\"https:\/\/www.bates.edu\/museum\/files\/2023\/05\/2006.2.12-623x900.webp\" alt=\"\" class=\"wp-image-19035\" srcset=\"https:\/\/www.bates.edu\/museum\/files\/2023\/05\/2006.2.12-623x900.webp 623w, https:\/\/www.bates.edu\/museum\/files\/2023\/05\/2006.2.12-208x300.webp 208w, https:\/\/www.bates.edu\/museum\/files\/2023\/05\/2006.2.12-768x1110.webp 768w, https:\/\/www.bates.edu\/museum\/files\/2023\/05\/2006.2.12-1063x1536.webp 1063w, https:\/\/www.bates.edu\/museum\/files\/2023\/05\/2006.2.12-435x628.jpg 435w, https:\/\/www.bates.edu\/museum\/files\/2023\/05\/2006.2.12.webp 1328w\" sizes=\"(max-width: 623px) 100vw, 623px\" \/><\/a><figcaption class=\"wp-element-caption\">Katsukawa Shunsh\u014d, <em>Empress Jit\u014d , from the Eastern Brocade of One Hundred Poems by One Hundred Poets (Nishiki hyakunin isshu azuma-ori \u9326\u767e\u4eba\u4e00\u9996\u3042\u3064\u307e\u7e54)<\/em>, ca. 1775, woodblock print, 11 3\/8 x 7 3\/4 in., Bates College Museum of Art, Gift of Douglas J. Macko &#8217;65, 2006.2.12<\/figcaption><\/figure>\n\n\n\n<figure class=\"wp-block-image size-large\"><img loading=\"lazy\" decoding=\"async\" width=\"10\" height=\"10\" data-id=\"14895\" src=\"https:\/\/www.bates.edu\/museum\/files\/2021\/01\/blank-image-2.png\" alt=\"\" class=\"wp-image-14895\"\/><\/figure>\n\n\n\n<figure class=\"wp-block-image size-large\"><img loading=\"lazy\" decoding=\"async\" width=\"10\" height=\"10\" data-id=\"14895\" src=\"https:\/\/www.bates.edu\/museum\/files\/2021\/01\/blank-image-2.png\" alt=\"\" class=\"wp-image-14895\"\/><\/figure>\n<\/figure>\n\n\n\n<p><\/p>\n","protected":false},"excerpt":{"rendered":"<p>Katsukawa Shunsh\u014d (Japanese 1726-1792) As the leading artist of the Katsukawa school&hellip;<\/p>\n","protected":false},"author":1626,"featured_media":0,"parent":1152,"menu_order":0,"comment_status":"closed","ping_status":"closed","template":"","meta":{"_hide_ai_chatbot":false,"_ai_chatbot_style":"","associated_faculty":[],"_Page_Specific_Css":"","_bates_restrict_mod":false,"_dimp_site_id":"","_dimp_override_contact":false,"_table_of_contents_display":false,"_table_of_contents_location":"","_table_of_contents_disableSticky":false,"_is_featured":false,"footnotes":"","_bates_seo_meta_description":"","_bates_seo_block_robots":false,"_bates_seo_sharing_image_id":0,"_bates_seo_sharing_image_twitter_id":0,"_bates_seo_share_title":"","_bates_seo_canonical_overwrite":"","_bates_seo_twitter_template":"","_links_to":"","_links_to_target":""},"class_list":["post-19040","page","type-page","status-publish","hentry"],"_links":{"self":[{"href":"https:\/\/www.bates.edu\/museum\/wp-json\/wp\/v2\/pages\/19040","targetHints":{"allow":["GET"]}}],"collection":[{"href":"https:\/\/www.bates.edu\/museum\/wp-json\/wp\/v2\/pages"}],"about":[{"href":"https:\/\/www.bates.edu\/museum\/wp-json\/wp\/v2\/types\/page"}],"author":[{"embeddable":true,"href":"https:\/\/www.bates.edu\/museum\/wp-json\/wp\/v2\/users\/1626"}],"replies":[{"embeddable":true,"href":"https:\/\/www.bates.edu\/museum\/wp-json\/wp\/v2\/comments?post=19040"}],"version-history":[{"count":5,"href":"https:\/\/www.bates.edu\/museum\/wp-json\/wp\/v2\/pages\/19040\/revisions"}],"predecessor-version":[{"id":19270,"href":"https:\/\/www.bates.edu\/museum\/wp-json\/wp\/v2\/pages\/19040\/revisions\/19270"}],"up":[{"embeddable":true,"href":"https:\/\/www.bates.edu\/museum\/wp-json\/wp\/v2\/pages\/1152"}],"wp:attachment":[{"href":"https:\/\/www.bates.edu\/museum\/wp-json\/wp\/v2\/media?parent=19040"}],"curies":[{"name":"wp","href":"https:\/\/api.w.org\/{rel}","templated":true}]}}