{"id":5037,"date":"2011-07-14T15:39:46","date_gmt":"2011-07-14T15:39:46","guid":{"rendered":"https:\/\/www.bates.edu\/museum\/?p=5037"},"modified":"2021-08-12T13:38:35","modified_gmt":"2021-08-12T17:38:35","slug":"dialogue-a-video-series","status":"publish","type":"page","link":"https:\/\/www.bates.edu\/museum\/exhibitions\/2011y\/dialogue-a-video-series\/","title":{"rendered":"Dialogue, a video series"},"content":{"rendered":"<p>January 14-March 25, 2011<\/p>\n<p>Christian Marclay, Roy Villevoye and Jan Dietvorst, Rachel Perry Welty<br \/>\nCurated by Dan Mills<\/p>\n<p>Dialogue is a winter semester video series featuring several prominent contemporary artists: Christian Marclay (New York), Roy Villevoye and Jan Di<span style=\"font-size: small;\">etvorst (Amsterdam), and Rachel Perry Welty (Boston). Reflecting Bates\u2019 fundamental dedication to good conversation and an open exchange of ideas and artistic expression, the artists explore dialogue and communication in videos that are profound, humorous, and provocative.<\/span><\/p>\n<p><strong><span style=\"font-size: small;\">Christian Marclay<\/span><\/strong> <span style=\"font-size: small;\"><em>Telephones<\/em>, 1995, video, sound 7:30 minutes<\/span><\/p>\n<p><img loading=\"lazy\" decoding=\"async\" src=\"https:\/\/www.bates.edu\/Images\/dialog3.jpg\" alt=\"\" width=\"150\" height=\"100\" border=\"0\" hspace=\"0\" \/><img loading=\"lazy\" decoding=\"async\" src=\"https:\/\/www.bates.edu\/Images\/dialog1.jpg\" alt=\"\" width=\"150\" height=\"100\" border=\"0\" hspace=\"0\" \/><img loading=\"lazy\" decoding=\"async\" src=\"https:\/\/www.bates.edu\/Images\/dialog2.jpg\" alt=\"\" width=\"150\" height=\"100\" border=\"0\" hspace=\"0\" \/><br \/>\n<em><strong>Telephones<\/strong>,<\/em> 1995 video, sound, 7:30 minutes.<br \/>\nScreening continuously January 14 &#8211; February 4<\/p>\n<p><span style=\"font-size: small;\">Artist\/composer Christian Marclay (American, b. 1955) is known for inventively exploring connections between a wide range of media. Making work that transcends disciplinary boundaries, he transforms sound and music into visual and physical forms through performance, collage, sculpture, large-scale installations, photography, and video.<\/span><\/p>\n<p><span style=\"font-size: small;\">The short and intense video\u00a0<em>Telephones<\/em> is a visual composition comprised of footage from Hollywood films that foreground both the image and sound of the telephone, and construct a new narrative out of the actors\u2019 responses and their clipped dialogue.<\/span><\/p>\n<p><span style=\"font-size: small;\">His recent exhibition at the Whitney Museum of American Art,<em>Christian Marclay: Festival<\/em>, was<\/span> <span style=\"font-size: small;\">activated by daily concerts that included playing a dozen of the artist\u2019s scores and works that served as scores, a collective musical score created on a wall-sized chalkboard. These were interpreted by a revolving group of world renowned musicians and vocalists, some of whom have been regular collaborators with the artist for three decades.<\/span><\/p>\n<p><strong><span style=\"font-size: small;\">Rachel Perry Welty<\/span><\/strong> <span style=\"font-size: small;\"><em>Karaoke Wrong Number,<\/em> 2004<strong>, v<\/strong>ideo on DVD. Edition of 25, 6:52 minutes<br \/>\n<\/span><\/p>\n<p><img loading=\"lazy\" decoding=\"async\" src=\"https:\/\/www.bates.edu\/Images\/dialog5.jpg\" alt=\"\" width=\"150\" height=\"117\" border=\"0\" hspace=\"0\" \/><img loading=\"lazy\" decoding=\"async\" src=\"https:\/\/www.bates.edu\/Images\/dialog_video_thumb.jpg\" alt=\"\" width=\"150\" height=\"117\" border=\"0\" hspace=\"0\" \/><img loading=\"lazy\" decoding=\"async\" src=\"https:\/\/www.bates.edu\/Images\/dialog4.jpg\" alt=\"\" width=\"150\" height=\"117\" border=\"0\" hspace=\"0\" \/><br \/>\n<em><strong>Karaoke Wrong Number<\/strong>,<\/em> 2004 video on DVD. Edition of 25, 6:52 minutes.<br \/>\nScreening continuously February 5 &#8211; March 3<\/p>\n<p><span style=\"font-size: small;\">Rachel Perry Welty (American, b. Tokyo 1962) states the following about the video\u00a0<em>Karaoke Wrong Number<\/em>, which depicts the artist lip-synching to wrong number messages:<\/span><\/p>\n<p><strong><span style=\"font-size: small;\">&#8220;<\/span><\/strong><span style=\"font-size: small;\">This work came about after I received a spate of wrong number calls on my answering machine. I couldn\u2019t bear to erase the messages. They were humorous, unnerving, and mundane; each had an urgency that I wanted to address. The disembodied voice that I work with at the beginning is a lady calling to complain about dust in the church. She is nice about it, but she clearly wants the priest to know how difficult it is for her and the choir to practice. It is humorous, but also poignant, how she assumed that the information was going to get to the proper person. It made me realize that we are always just a hair\u2019s breadth away from completely misunderstanding one another. And it made me consider how we shed information about ourselves as we move through our lives. That got me thinking about issues of privacy and how technology both helps and impedes communication.&#8221;<\/span><\/p>\n<p><span style=\"font-size: small;\">From an interview with Francine Koslow Miller for Sculpture Magazine.<\/span><\/p>\n<p><strong><span style=\"font-size: small;\">Roy Villevoye &amp; Jan Dietvorst<\/span><\/strong> <span style=\"font-size: small;\"><em>Owner of the Voyage,<\/em> 2007<strong>,<\/strong> digital video 16 minutes<\/span><\/p>\n<p><span style=\"font-size: small;\"><img loading=\"lazy\" decoding=\"async\" src=\"https:\/\/www.bates.edu\/Images\/dialog_video2.thumb.jpg\" alt=\"\" width=\"150\" height=\"111\" border=\"0\" hspace=\"0\" \/><br \/>\n<span style=\"font-size: x-small;\"><em><strong>Owner of the Voyage<\/strong>,<\/em> 2007 digital video, 16 minutes.<br \/>\nScreening continuously March 4 &#8211; March 25<br \/>\n<\/span><\/span><\/p>\n<p><span style=\"font-size: small;\">Since the early 1990s, Dutch artist Roy Villevoye (Dutch, b. 1960) has made frequent and extended visits Papua, the former Dutch New Guinea. Visual artist Jan Dietvorst (Dutch, b. 1953) has joined him regularly; together they produce an oeuvre of films that deal with the outside influences that the local people, the Asmat, have been exposed since their first contact with Western outsiders in the 1950s.<\/span><\/p>\n<p><span style=\"font-size: small;\">In 2000, two of Villevoye&#8217;s long-time Asmat friends, brothers Rufus Sat\u00ed and Rodan Omom\u00e1, made a journey to the Netherlands. A year later their cousin and trusted friend Pup\u00eds is interviewed about the two brothers&#8217; adventures.\u00a0<em>Owner of the Voyage<\/em>, a double projection video, simultaneously presents the clips of the journey juxtaposed with a third person story of their travels. In the interview Pup\u00eds, whose own travel experience is limited to neighboring villages, reconstructs the brothers&#8217; experiences from his own unique perspective; without being asked, he incorporates his own personal agenda within his report.<\/span><\/p>\n","protected":false},"excerpt":{"rendered":"<p>January 14-March 25, 2011 Christian Marclay, Roy Villevoye and Jan Dietvorst, Rachel&hellip;<\/p>\n","protected":false},"author":122,"featured_media":0,"parent":5214,"menu_order":11,"comment_status":"closed","ping_status":"open","template":"","meta":{"_hide_ai_chatbot":false,"_ai_chatbot_style":"","associated_faculty":[],"_Page_Specific_Css":"","_bates_restrict_mod":false,"_dimp_site_id":"","_dimp_override_contact":false,"_table_of_contents_display":false,"_table_of_contents_location":"","_table_of_contents_disableSticky":false,"_is_featured":false,"footnotes":"","_bates_seo_meta_description":"","_bates_seo_block_robots":false,"_bates_seo_sharing_image_id":0,"_bates_seo_sharing_image_twitter_id":0,"_bates_seo_share_title":"","_bates_seo_canonical_overwrite":"","_bates_seo_twitter_template":"","_links_to":"","_links_to_target":""},"class_list":["post-5037","page","type-page","status-publish","hentry"],"_links":{"self":[{"href":"https:\/\/www.bates.edu\/museum\/wp-json\/wp\/v2\/pages\/5037","targetHints":{"allow":["GET"]}}],"collection":[{"href":"https:\/\/www.bates.edu\/museum\/wp-json\/wp\/v2\/pages"}],"about":[{"href":"https:\/\/www.bates.edu\/museum\/wp-json\/wp\/v2\/types\/page"}],"author":[{"embeddable":true,"href":"https:\/\/www.bates.edu\/museum\/wp-json\/wp\/v2\/users\/122"}],"replies":[{"embeddable":true,"href":"https:\/\/www.bates.edu\/museum\/wp-json\/wp\/v2\/comments?post=5037"}],"version-history":[{"count":2,"href":"https:\/\/www.bates.edu\/museum\/wp-json\/wp\/v2\/pages\/5037\/revisions"}],"predecessor-version":[{"id":7551,"href":"https:\/\/www.bates.edu\/museum\/wp-json\/wp\/v2\/pages\/5037\/revisions\/7551"}],"up":[{"embeddable":true,"href":"https:\/\/www.bates.edu\/museum\/wp-json\/wp\/v2\/pages\/5214"}],"wp:attachment":[{"href":"https:\/\/www.bates.edu\/museum\/wp-json\/wp\/v2\/media?parent=5037"}],"curies":[{"name":"wp","href":"https:\/\/api.w.org\/{rel}","templated":true}]}}