{"id":7031,"date":"2013-06-25T10:08:50","date_gmt":"2013-06-25T14:08:50","guid":{"rendered":"https:\/\/www.bates.edu\/museum\/?page_id=7031"},"modified":"2021-08-12T13:30:31","modified_gmt":"2021-08-12T17:30:31","slug":"art-of-the-shaman-from-vietnam-and-china","status":"publish","type":"page","link":"https:\/\/www.bates.edu\/museum\/exhibitions\/2014-2\/art-of-the-shaman-from-vietnam-and-china\/","title":{"rendered":"How to Make the Universe Right: The Art of the Shaman in Vietnam and Southern China"},"content":{"rendered":"<h3>January 24 \u2013 March 21, 2014<\/h3>\n<p><img loading=\"lazy\" decoding=\"async\" class=\"aligncenter wp-image-7032\" src=\"https:\/\/www.bates.edu\/museum\/files\/2013\/06\/1-Yao-Set-of-3-Scrolls-600x435.jpg\" alt=\"1 Yao Set of 3 Scrolls\" width=\"480\" height=\"348\" srcset=\"https:\/\/www.bates.edu\/museum\/files\/2013\/06\/1-Yao-Set-of-3-Scrolls-600x435.jpg 600w, https:\/\/www.bates.edu\/museum\/files\/2013\/06\/1-Yao-Set-of-3-Scrolls-300x217.jpg 300w, https:\/\/www.bates.edu\/museum\/files\/2013\/06\/1-Yao-Set-of-3-Scrolls.jpg 1116w\" sizes=\"(max-width: 480px) 100vw, 480px\" \/><i><\/i><\/p>\n<p><i>How to make the Universe Right<\/i><i>\u00a0<\/i>presents an extraordinary selection of Shaman scrolls and\u00a0an extensive array of ceremonial objects of the Yao, T\u00e0y, S\u00e1n D\u00ecu, Cao L\u00e0n, N\u00f9ng, Sa\u0301n Cha\u0309y,\u00a0and other small population groups of Vietnam and southern China. The Yao,\u00a0T\u00e0y,\u00a0and related ethnic minority people originally lived in the mountains of southwestern and southern provinces in China. Due to extenuating political reasons, they and other tribal groups migrated to Vietnam during the Qing dynasty (1644-1911) and settled in mountainous regions of the north. The groups brought with them a rich tradition of shamanist practice that varies from group to group, Daoist for the Yao, and various amalgamations of primarily Daoist deities and rituals, but also Buddhist deities, aspects of Hinduism, Confucian ancestral worship, animism and other natural forces for others. The rich spiritual life of traditional culture and ceremonial practice is embodied in this exhibition. Together with the accompanying catalogue,\u00a0<i>How to make the Universe Right\u00a0<\/i>provides the opportunity to appreciate these important scroll paintings and other objects aesthetically, and to gain an understanding of the ritual life and its complex system of Shamanistic religious beliefs of the Yao, T\u00e0y, S\u00e1n D\u00ecu, Cao L\u00e0n, N\u00f9ng, and other groups.<\/p>\n<p>An exhibition of sacred objects from these groups and on this scale is unprecedented in the United States, and will further the understanding of these little known cultures in the west.\u00a0<i>How to make the Universe Right<\/i>\u00a0will be supported by an extensive illustrated catalogue written by Trian Nguyen,\u00a0associate professor, Art and Visual Culture and Asian Studies at Bates College. In the catalogue, Nguyen discusses topics including\u00a0how to become a shaman, religious ceremonial practice, painting scroll sets, shaman robes and garments, and ritual items. Nguyen provides an overview of shaman life and ceremonial practice among the various peoples, and details how to become a shaman, how shaman priests and priestesses use the scrolls and ceremonial objects to communicate directly with the spirits of the unseen worlds, exorcise evil spirits, bring prosperity for family, and provide a spiritual path for members of their villages and communities.\u00a0He also describes the\u00a0shaman scrolls, robes, musical instruments, and other ritual items in detail, and chronicles the religious and cultural stories that the deities, mystical creatures, and symbols depict in the paintings.<\/p>\n<p>The scroll paintings represent a wide variety of artistic styles from highly refined to fairly archaic, and date from between the early 19th\u00a0to mid\/latter 20th\u00a0century. Many may be regarded as masterpieces that provide primary sources for the study of history, culture and religion of the represented groups. Scroll painting sets vary in number from\u00a0sets of three, which are used by young shamans to complete sets of seventeen or more, which are used in the most important ceremonies by shaman high priests and priestesses.\u00a0Painting scrolls are revered as being inhabited by the depicted gods. The complete Daoist pantheon is usually represented, including the Three Pure Ones, the Jade Emperor, and Master of Saints. Depending the beliefs of the individual group, they may also include Buddhist Bodhisattvas, deities from Hinduism, and imagery representing Confucianism, animism, and ancestral worship. The spiritual stories represented in the scroll paintings also include\u00a0celestial beings such as the Three Merciful Ones, the Four Heavenly Messengers, and the Ten Kings of Hell,\u00a0and divine animals such as\u00a0tigers, dragons, lion-dogs, and other sacred animals.<\/p>\n<p>The scroll paintings, ceremonial costumes, masks, instruments and the other ceremonial objects represent an unbroken link to the past of Asian mountain cultures whose roots go back 2,000 years. Shamans lead their people&#8217;s vital spiritual life, binding them people together and helping them make the universe right by righting wrongs, communicating with the ancestors, and dealing with the unfriendly forces of nature and of surrounding larger group of outsiders.<i>\u00a0<\/i><\/p>\n\n\t\t<style type=\"text\/css\">\n\t\t\t#gallery-1 {\n\t\t\t\tmargin: auto;\n\t\t\t}\n\t\t\t#gallery-1 .gallery-item {\n\t\t\t\tfloat: left;\n\t\t\t\tmargin-top: 10px;\n\t\t\t\ttext-align: center;\n\t\t\t\twidth: 33%;\n\t\t\t}\n\t\t\t#gallery-1 img {\n\t\t\t\tborder: 2px solid #cfcfcf;\n\t\t\t}\n\t\t\t#gallery-1 .gallery-caption {\n\t\t\t\tmargin-left: 0;\n\t\t\t}\n\t\t\t\/* see gallery_shortcode() in wp-includes\/media.php *\/\n\t\t<\/style>\n\t\t<div id='gallery-1' class='gallery galleryid-7031 gallery-columns-3 gallery-size-thumbnail'><dl class='gallery-item'>\n\t\t\t<dt class='gallery-icon landscape'>\n\t\t\t\t<a href='https:\/\/www.bates.edu\/museum\/files\/2013\/06\/1-Yao-Set-of-3-Scrolls.jpg'><img loading=\"lazy\" decoding=\"async\" width=\"150\" height=\"150\" src=\"https:\/\/www.bates.edu\/museum\/files\/2013\/06\/1-Yao-Set-of-3-Scrolls-150x150.jpg\" class=\"attachment-thumbnail size-thumbnail\" alt=\"\" aria-describedby=\"gallery-1-7032\" \/><\/a>\n\t\t\t<\/dt>\n\t\t\t\t<dd class='wp-caption-text gallery-caption' id='gallery-1-7032'>\n\t\t\t\tYao, Set of three Daoist Shaman Scroll Paintings, 1900, ca. 46 x 18 inches each\n\n\n\t\t\t\t<\/dd><\/dl><dl class='gallery-item'>\n\t\t\t<dt class='gallery-icon landscape'>\n\t\t\t\t<a href='https:\/\/www.bates.edu\/museum\/files\/2013\/06\/2-Yao-Three-Pure-Ones.jpg'><img loading=\"lazy\" decoding=\"async\" width=\"150\" height=\"150\" src=\"https:\/\/www.bates.edu\/museum\/files\/2013\/06\/2-Yao-Three-Pure-Ones-150x150.jpg\" class=\"attachment-thumbnail size-thumbnail\" alt=\"\" aria-describedby=\"gallery-1-7037\" \/><\/a>\n\t\t\t<\/dt>\n\t\t\t\t<dd class='wp-caption-text gallery-caption' id='gallery-1-7037'>\n\t\t\t\tYao, Three Pure Ones, from a set of 17 Daoist Shaman Scroll Paintings, 1845, Ca. 44 x 18 inches each\n\n\t\t\t\t<\/dd><\/dl><dl class='gallery-item'>\n\t\t\t<dt class='gallery-icon portrait'>\n\t\t\t\t<a href='https:\/\/www.bates.edu\/museum\/files\/2013\/06\/3-Yao-Detail.jpg'><img loading=\"lazy\" decoding=\"async\" width=\"150\" height=\"150\" src=\"https:\/\/www.bates.edu\/museum\/files\/2013\/06\/3-Yao-Detail-150x150.jpg\" class=\"attachment-thumbnail size-thumbnail\" alt=\"\" aria-describedby=\"gallery-1-7038\" \/><\/a>\n\t\t\t<\/dt>\n\t\t\t\t<dd class='wp-caption-text gallery-caption' id='gallery-1-7038'>\n\t\t\t\tYao, detail of the Scroll Painting of the High Constable, from a set of 17 Daoist Shaman Scroll Paintings, 1845\r\n\n\t\t\t\t<\/dd><\/dl><br style=\"clear: both\" \/><dl class='gallery-item'>\n\t\t\t<dt class='gallery-icon landscape'>\n\t\t\t\t<a href='https:\/\/www.bates.edu\/museum\/files\/2013\/06\/4-Supplemental-Buddhist-Set.jpg'><img loading=\"lazy\" decoding=\"async\" width=\"150\" height=\"150\" src=\"https:\/\/www.bates.edu\/museum\/files\/2013\/06\/4-Supplemental-Buddhist-Set-150x150.jpg\" class=\"attachment-thumbnail size-thumbnail\" alt=\"\" aria-describedby=\"gallery-1-7039\" \/><\/a>\n\t\t\t<\/dt>\n\t\t\t\t<dd class='wp-caption-text gallery-caption' id='gallery-1-7039'>\n\t\t\t\tYao, Supplemental set of three Buddhist Shaman Scroll Paintings: Three Bodhisattvas: Samantabhadra, Avalokitesvara, Manjusri, ca. 19 x 10 \u00bc inches each\n\t\t\t\t<\/dd><\/dl><dl class='gallery-item'>\n\t\t\t<dt class='gallery-icon landscape'>\n\t\t\t\t<a href='https:\/\/www.bates.edu\/museum\/files\/2013\/06\/5-Yao-Shaman-Robes.jpg'><img loading=\"lazy\" decoding=\"async\" width=\"150\" height=\"150\" src=\"https:\/\/www.bates.edu\/museum\/files\/2013\/06\/5-Yao-Shaman-Robes-150x150.jpg\" class=\"attachment-thumbnail size-thumbnail\" alt=\"\" aria-describedby=\"gallery-1-7040\" \/><\/a>\n\t\t\t<\/dt>\n\t\t\t\t<dd class='wp-caption-text gallery-caption' id='gallery-1-7040'>\n\t\t\t\tYao, Shaman Robes\n\t\t\t\t<\/dd><\/dl><dl class='gallery-item'>\n\t\t\t<dt class='gallery-icon landscape'>\n\t\t\t\t<a href='https:\/\/www.bates.edu\/museum\/files\/2013\/06\/6-Yao-Wooden-Masks.jpg'><img loading=\"lazy\" decoding=\"async\" width=\"150\" height=\"150\" src=\"https:\/\/www.bates.edu\/museum\/files\/2013\/06\/6-Yao-Wooden-Masks-150x150.jpg\" class=\"attachment-thumbnail size-thumbnail\" alt=\"\" aria-describedby=\"gallery-1-7041\" \/><\/a>\n\t\t\t<\/dt>\n\t\t\t\t<dd class='wp-caption-text gallery-caption' id='gallery-1-7041'>\n\t\t\t\tYao, Shaman Masks, wood, paper hair and mixed media\n\t\t\t\t<\/dd><\/dl><br style=\"clear: both\" \/><dl class='gallery-item'>\n\t\t\t<dt class='gallery-icon landscape'>\n\t\t\t\t<a href='https:\/\/www.bates.edu\/museum\/files\/2013\/06\/7-Yao-Paper-Masks.jpg'><img loading=\"lazy\" decoding=\"async\" width=\"150\" height=\"150\" src=\"https:\/\/www.bates.edu\/museum\/files\/2013\/06\/7-Yao-Paper-Masks-150x150.jpg\" class=\"attachment-thumbnail size-thumbnail\" alt=\"\" aria-describedby=\"gallery-1-7042\" \/><\/a>\n\t\t\t<\/dt>\n\t\t\t\t<dd class='wp-caption-text gallery-caption' id='gallery-1-7042'>\n\t\t\t\tYao, Shaman Paper Masks, watercolor and ink on handmade paper\r\n\r\n\n\t\t\t\t<\/dd><\/dl><dl class='gallery-item'>\n\t\t\t<dt class='gallery-icon landscape'>\n\t\t\t\t<a href='https:\/\/www.bates.edu\/museum\/files\/2013\/06\/8-Yao-Shaman-Books.jpg'><img loading=\"lazy\" decoding=\"async\" width=\"150\" height=\"150\" src=\"https:\/\/www.bates.edu\/museum\/files\/2013\/06\/8-Yao-Shaman-Books-150x150.jpg\" class=\"attachment-thumbnail size-thumbnail\" alt=\"\" aria-describedby=\"gallery-1-7043\" \/><\/a>\n\t\t\t<\/dt>\n\t\t\t\t<dd class='wp-caption-text gallery-caption' id='gallery-1-7043'>\n\t\t\t\tYao, Shaman Sacred Books\n\t\t\t\t<\/dd><\/dl><dl class='gallery-item'>\n\t\t\t<dt class='gallery-icon landscape'>\n\t\t\t\t<a href='https:\/\/www.bates.edu\/museum\/files\/2013\/06\/9-Yao-Musical-Instruments.jpg'><img loading=\"lazy\" decoding=\"async\" width=\"150\" height=\"150\" src=\"https:\/\/www.bates.edu\/museum\/files\/2013\/06\/9-Yao-Musical-Instruments-150x150.jpg\" class=\"attachment-thumbnail size-thumbnail\" alt=\"\" aria-describedby=\"gallery-1-7044\" \/><\/a>\n\t\t\t<\/dt>\n\t\t\t\t<dd class='wp-caption-text gallery-caption' id='gallery-1-7044'>\n\t\t\t\tYao Musical Instruments\n\n\n\t\t\t\t<\/dd><\/dl><br style=\"clear: both\" \/><dl class='gallery-item'>\n\t\t\t<dt class='gallery-icon landscape'>\n\t\t\t\t<a href='https:\/\/www.bates.edu\/museum\/files\/2013\/06\/10-Yao-Shaman-Accessories.jpg'><img loading=\"lazy\" decoding=\"async\" width=\"150\" height=\"150\" src=\"https:\/\/www.bates.edu\/museum\/files\/2013\/06\/10-Yao-Shaman-Accessories-150x150.jpg\" class=\"attachment-thumbnail size-thumbnail\" alt=\"\" aria-describedby=\"gallery-1-7045\" \/><\/a>\n\t\t\t<\/dt>\n\t\t\t\t<dd class='wp-caption-text gallery-caption' id='gallery-1-7045'>\n\t\t\t\tYao, Shaman Hats and Accessories\n\t\t\t\t<\/dd><\/dl>\n\t\t\t<br style='clear: both' \/>\n\t\t<\/div>\n\n<p><strong>Press<\/strong><\/p>\n<p><strong>Scene Magazine, February 20-February 26, 2015<\/strong><br \/>\n<strong> <a href=\"https:\/\/www.bates.edu\/museum\/files\/2012\/02\/SBS-20150220-S045-1.pdf\">Insite on Shaman Life<\/a><\/strong><\/p>\n<p><strong>Santa Barbara Independent<\/strong><br \/>\n<strong> <a href=\"http:\/\/www.independent.com\/news\/2015\/jan\/08\/shamanic-art-china-and-vietnam\/\">Shamanic Art from China and Vietnam<\/a><\/strong><\/p>\n<p><strong>Kolaj Magazine Issue #10<\/strong><br \/>\n<strong><a href=\"https:\/\/www.bates.edu\/museum\/files\/2012\/02\/Kolaj-Magazine.pdf\">Something in the Water<\/a><\/strong><\/p>\n<p>Portland Press Harold, March 3, 2014<br \/>\n<strong><a href=\"http:\/\/www.pressherald.com\/life\/audience\/_Art_of_the_Shaman__at_Bates__decidedly_non-Western__eminently_accessible_.html\">Art Review: \u2018Art of the Shaman\u2019 at Bates<\/a><\/strong><\/p>\n","protected":false},"excerpt":{"rendered":"<p>January 24 \u2013 March 21, 2014 How to make the Universe Right\u00a0presents&hellip;<\/p>\n","protected":false},"author":122,"featured_media":0,"parent":7822,"menu_order":5,"comment_status":"closed","ping_status":"open","template":"","meta":{"_hide_ai_chatbot":false,"_ai_chatbot_style":"","associated_faculty":[],"_Page_Specific_Css":"","_bates_restrict_mod":false,"_dimp_site_id":"","_dimp_override_contact":false,"_table_of_contents_display":false,"_table_of_contents_location":"","_table_of_contents_disableSticky":false,"_is_featured":false,"footnotes":"","_bates_seo_meta_description":"","_bates_seo_block_robots":false,"_bates_seo_sharing_image_id":0,"_bates_seo_sharing_image_twitter_id":0,"_bates_seo_share_title":"","_bates_seo_canonical_overwrite":"","_bates_seo_twitter_template":"","_links_to":"","_links_to_target":""},"class_list":["post-7031","page","type-page","status-publish","hentry"],"_links":{"self":[{"href":"https:\/\/www.bates.edu\/museum\/wp-json\/wp\/v2\/pages\/7031","targetHints":{"allow":["GET"]}}],"collection":[{"href":"https:\/\/www.bates.edu\/museum\/wp-json\/wp\/v2\/pages"}],"about":[{"href":"https:\/\/www.bates.edu\/museum\/wp-json\/wp\/v2\/types\/page"}],"author":[{"embeddable":true,"href":"https:\/\/www.bates.edu\/museum\/wp-json\/wp\/v2\/users\/122"}],"replies":[{"embeddable":true,"href":"https:\/\/www.bates.edu\/museum\/wp-json\/wp\/v2\/comments?post=7031"}],"version-history":[{"count":15,"href":"https:\/\/www.bates.edu\/museum\/wp-json\/wp\/v2\/pages\/7031\/revisions"}],"predecessor-version":[{"id":8823,"href":"https:\/\/www.bates.edu\/museum\/wp-json\/wp\/v2\/pages\/7031\/revisions\/8823"}],"up":[{"embeddable":true,"href":"https:\/\/www.bates.edu\/museum\/wp-json\/wp\/v2\/pages\/7822"}],"wp:attachment":[{"href":"https:\/\/www.bates.edu\/museum\/wp-json\/wp\/v2\/media?parent=7031"}],"curies":[{"name":"wp","href":"https:\/\/api.w.org\/{rel}","templated":true}]}}